igit of z?
3
Let m(c) = 2*c + 60. Let n be m(-25). Suppose 5*z - 180 - n = 0. What is the tens digit of z?
3
Let h be ((-8)/(-64)*4)/(1/(-70)). Let u(n) = -1534*n + 1. Let m be u(1). What is the units digit of m/h - (-4)/(-5)?
3
Let m(c) = -13 - 2 + c**2 - 3*c - 1 + 8*c. What is the tens digit of m(-11)?
5
Let u = 36 - 39. What is the units digit of 1 + (-1 - u) + 6?
9
Let j(r) = 11*r**2 - 16*r + 166. What is the hundreds digit of j(10)?
1
Suppose 0 = -33*a + 31*a, -1412 = -2*l + 3*a. What is the tens digit of l?
0
Let t be 2/(2 + 30/(-16)). Suppose -t = -4*y - 0. Suppose -y*w + 89 - 33 = 0. What is the units digit of w?
4
Let f = 1312 + 23. What is the thousands digit of f?
1
Let a be (0 - -3)/(6/4). Suppose c - 4*c - 2*j = 7, a*c - j - 7 = 0. What is the tens digit of 0 - (c + 2 - 21)?
1
What is the units digit of 7/(((-22)/(-998))/11)?
3
Let v(z) be the first derivative of -z**2/2 - 28. Let j(n) = n**2 - 5*n + 1. Let c be j(3). What is the units digit of v(c)?
5
Let t = 519 + -355. What is the units digit of t?
4
Let i(z) = -345*z - 122. What is the units digit of i(-3)?
3
Suppose 28*p = -p + 35264. What is the thousands digit of p?
1
Let p = 11 - 15. Let d(r) = 4*r**2 + 4*r + 1. Let m be d(p). Let h = m + -33. What is the units digit of h?
6
Let i = -171 + 165. Let t = -9 - -6. What is the tens digit of (-58)/t - (-2)/i?
1
Suppose -n = -3*y - 2517, -y + 2570 = 2*n - 2429. What is the thousands digit of n?
2
Let o(z) = -z**3 - 7*z**2 - 7*z - 3. Let g = -3 + 9. Let f(h) = h - 12. Let d be f(g). What is the units digit of o(d)?
3
Let k(h) = -h**3 - 14*h**2 + 17*h + 7. Let v be k(-15). Let m = v - -27. What is the units digit of (-1088)/(-20) + m/(-10)?
4
Suppose -105600 = -122*a + 98*a. What is the tens digit of a?
0
What is the hundreds digit of (-139240)/(-360) + 2/9?
3
Suppose -9*j + 6*j = -4*i - 713, 3*i = -3*j + 720. What is the hundreds digit of j?
2
Let d = -66 - -326. Suppose 2*i + 8*y = 12*y + d, -3*y = -5*i + 678. What is the units digit of i?
8
Let p(f) = f**3 - f**2 + 26. Let m(c) = c**3 - 7*c**2 + c - 7. Let z be m(7). Let x be (-2 - -2)/(z + -2). What is the units digit of p(x)?
6
Let c(t) = -49*t**3 - t**2 + 3*t + 5. What is the thousands digit of c(-3)?
1
Suppose -5*w - 1 = -11. Let s(n) = n**2 - n + 1. Let q be s(w). Suppose -143 = -q*u + 1. What is the tens digit of u?
4
Suppose 3899 = -899*i + 906*i. What is the tens digit of i?
5
Suppose -4*i - m - 179 = 0, 3*i - i + m + 89 = 0. Let y = i - -138. What is the tens digit of y?
9
Suppose 3*k - 228 = -s, s = -3*s - 5*k + 933. What is the hundreds digit of s?
2
Let k be 32/(-12)*(-3 + -345). What is the units digit of (k/(-87))/((-2)/9)?
8
What is the hundreds digit of (-162)/(-378) - ((-2342)/7 - 0)?
3
Let z = 16 + 9. Suppose -4*s - 2*k = k - 48, s = 2*k + 23. Let o = z + s. What is the tens digit of o?
4
Suppose 2*u - 287 = 935. What is the units digit of u?
1
Let h = -401 - -461. What is the units digit of h?
0
Let u(t) = t**2 - 13*t - 23. Let m be u(15). What is the units digit of (0 - m)/(1/(-2))?
4
Suppose -5*h - 9 = -5*s + 2811, 3*h - 2256 = -4*s. What is the tens digit of s?
6
Suppose 125*k + 3070 = 130*k. What is the units digit of k?
4
Let b be -122*2*(136/32)/(-17). What is the hundreds digit of (1 - b)/(6*(-3)/60)?
2
Suppose 7*c = 2657 + 584. What is the units digit of c?
3
Let i(f) = f**3 - 5*f**2 + 7*f + 3. Let y be 64/60*6 + (-12)/(-20). What is the units digit of i(y)?
0
What is the hundreds digit of ((-7792)/(-64))/(122/40 - 3)?
4
Suppose 0 = 38*a - 13662 - 47556. What is the units digit of a?
1
Let a be 2603/3 - (-6)/(-90)*10. Suppose a - 129 = 6*d. What is the hundreds digit of d?
1
Let q(p) be the second derivative of p**4/12 - 5*p**3/6 - 5*p**2 + 8*p. What is the tens digit of q(-5)?
4
Suppose -2*j = -3*b + 3*j - 315, -5*b - 525 = 4*j. Let a = -53 - b. Suppose 0 = -3*k + 89 + a. What is the units digit of k?
7
Let n(f) = -78*f**3 - 2*f**2 + 4*f + 4. Let v be n(-2). Suppose l = 7*l - v. What is the tens digit of l?
0
Suppose 5*p = d - 41, 2*d + p - 126 = -0*d. What is the units digit of d?
1
What is the units digit of 1/(22923/(-5733) - -4)?
7
Let u(k) = k**2 - 2*k + 227. Let q be u(0). Let t = -93 + q. What is the tens digit of t?
3
Let d be 1*3*(-660)/45. Let s = d + 55. What is the units digit of s?
1
Suppose -32 = 4*r - 8*r. Suppose -z + r = 1. What is the units digit of z?
7
Let c = 221 - 144. Let o = 128 - c. What is the units digit of o?
1
Suppose 5*o - 142 = 2*v, -3*v - 57 = -2*o - 2*v. Suppose 4*k = -0*k + o. Suppose -n - k = -9. What is the units digit of n?
2
Let s(k) = -k + 9. Let i be s(12). What is the units digit of i/((-18)/4)*(-2196)/(-24)?
1
Suppose -21*n + 16*n = -15. Let j = 19 + -11. What is the units digit of -6*(n + (-92)/j)?
1
Let u be 3893/51 - (-4)/6. Let t = 156 - u. What is the units digit of t?
9
Let f(q) = -84*q + 3. Let l(u) = -85*u + 4. Let y(m) = -2*f(m) + 3*l(m). What is the tens digit of y(-1)?
9
Let y(f) = -2304*f**3 - f**2 - 4*f - 1. What is the hundreds digit of y(-1)?
3
Let p(a) = 311*a**2 + 6*a - 10. What is the tens digit of p(2)?
4
Let y = 30 + -32. Let t be 277/y - (-39)/(-26). Let f = -71 - t. What is the tens digit of f?
6
Let z(p) = 31*p - 64. Let o be z(8). Suppose -4*h + o = -492. What is the tens digit of h?
6
Let x(y) = 3*y**2 + 38*y - 54. What is the tens digit of x(-23)?
5
What is the hundreds digit of 3407 - (42/(-28))/((-3)/8)?
4
Let g = -22 + 34. Suppose 0 = -g*s + 6*s + 228. What is the units digit of s?
8
Suppose -16*i + 29*i = 3601. What is the units digit of i?
7
Let j = 47 + -43. Suppose -2*a + 624 = j*a. What is the units digit of a?
4
Let t = -14 - -19. Suppose -4*q - 5*m = 10, -4 = -2*q - t*m - 14. Suppose q*f - 4 = -4*f. What is the units digit of f?
1
Suppose 0*x - 3*x + k = -8017, -5*x = k - 13351. What is the hundreds digit of x?
6
Let t be -1 + (266 - (1 - 1)). Suppose -2*n - 3*n = -t. Let r = n + -12. What is the units digit of r?
1
Let s(k) be the first derivative of -5*k**3/3 - k**2 - 2*k + 11. Let w be s(-2). What is the tens digit of ((-13)/(-3))/((-3)/w)?
2
Suppose 0*k - 16 = -4*k. Suppose s + k = 10. What is the units digit of s?
6
Let i(r) be the third derivative of -r**6/40 + r**5/60 - 7*r**4/24 - r**3 + 2*r**2 - 20. What is the units digit of i(-4)?
0
Let v be (-34)/(-10) - 12/30. Suppose 5*i = 2*z + 16, 3*z = -v*i + 7*z + 18. Suppose i*r + 52 = 6*r. What is the tens digit of r?
1
Let l be 1/2 + (-10)/20. Suppose 144 = -l*t + 2*t. Suppose h - 3*c = 31, -26 = 2*h - 2*c - t. What is the units digit of h?
9
Let l(w) = -25*w + 19. Let x(h) = -25*h + 18. Let z(k) = 2*l(k) - 3*x(k). What is the units digit of z(3)?
9
Suppose 140 = 3*z + z + 5*u, u = -4*z + 140. Let b = 39 - z. What is the units digit of b?
4
What is the hundreds digit of 683 - 10 - (2 + 1 - -1)?
6
Let a be (9/9)/(1/2). Suppose -a*p + 7 = 1. Suppose 2*x - 75 = -p*x. What is the tens digit of x?
1
Let f = 10 + -4. Suppose f + 4 = 5*d. Suppose 0 = -6*n + 3*n - 5*k + 96, -2*n + 60 = d*k. What is the units digit of n?
7
Suppose -4*a + 20 = -k, 5*k + a - 70 = -233. Let l be 14/(-49) - k/14. Let c(v) = 9*v**2 + 4*v - 5. What is the tens digit of c(l)?
3
Suppose -3*u - 1269 = -q, 3*q = 107*u - 111*u + 3807. What is the units digit of q?
9
Let z(w) = -9*w - 4. Let g = -15 + 18. Let q be z(g). Let v = q - -64. What is the tens digit of v?
3
Let k(b) = -b + 9. Let x be k(7). Let c be 11/x + 2/(-4). Suppose 6*n - 2*n + 8 = 0, 96 = c*z - 3*n. What is the units digit of z?
8
Suppose 4*m = -4*f, -2*m + 6 + 0 = 0. What is the units digit of 21 - (-8)/(1 + f)?
7
Let o(r) = r**2 + r - 4. Suppose 6*a - 2 = 5*a. Let v be o(a). Suppose 4*b = -5*j + 99 + 151, 0 = 2*j - v*b - 100. What is the units digit of j?
0
Suppose 1909 + 671 = 12*o. What is the tens digit of o?
1
Let c(d) = -d**2 + d. Let o(g) = g**3 - 16*g**2 + 16*g + 6. Let j(w) = -3*c(w) + o(w). What is the tens digit of j(12)?
1
Let o(g) = 47*g + 276. What is the hundreds digit of o(0)?
2
Let j(u) be the third derivative of 5*u**4/8 - 17*u**3/3 - 34*u**2. What is the hundreds digit of j(14)?
1
Let d(p) = p**3 - 2*p**2 - 5*p - 2. Let a be d(5). Let s = -7 + a. What is the tens digit of s?
4
What is the hundreds digit of (20/(-15)*1869)/((-2)/1)?
2
Let d(t) = -t**3 - 5*t**2 - 5*t.